at is the tens digit of 2/(-3)*g/(-1)?
1
Let g = -12 + 64. What is the tens digit of g?
5
Suppose 3*r = -4*o - 11, -r + 2 + 6 = -o. Let k(w) = w**3 + 4*w**2 - 7*w - 4. Let m be k(o). What is the units digit of (-2)/m*(0 - 3)?
1
Let d(w) = 15*w - 20. What is the units digit of d(3)?
5
Let p = 1 - -13. What is the units digit of 0 - (0 + p/(-2))?
7
Suppose 2*w + 3*k - 350 = -k, 2*w = 3*k + 357. What is the hundreds digit of w?
1
Let a(n) = n**2 - n + 8. What is the units digit of a(0)?
8
Suppose 4*c = -5*n + 182, -3*c + 139 = 4*n + n. What is the units digit of c?
3
Let h = 0 - 0. Suppose a - 53 = -2*x + 27, h = 3*a - 6. Suppose 0 = 3*f - 0*f - x. What is the tens digit of f?
1
Let f = -71 + 141. Suppose 2*x = 0, 0*q = -2*q + x + f. What is the units digit of q?
5
Suppose 2*p = 2, -s - 30 = -3*p - 80. What is the units digit of s?
3
What is the units digit of 2 + (125/(-5))/(-5)?
7
Let q = -270 + 555. What is the units digit of q?
5
Suppose u + 2*f - 5*f - 15 = 0, 4*f = -5*u + 170. What is the units digit of u?
0
Let t = -3 - -3. Suppose -18 = -f - w, t = -5*f + 4*f - 3*w + 24. What is the tens digit of f?
1
Let j = 33 - 1. Let m = j - 13. What is the units digit of m?
9
Let p(g) = g - 5. Let t be p(6). What is the tens digit of (2/6)/(t/33)?
1
Suppose 0*t = 2*b - t - 15, -3*b + 22 = -2*t. Let o(y) = -y**3 + 9*y**2 - 9*y + 12. What is the units digit of o(b)?
4
Suppose 126 = -5*l - 69. Let q be (21/(-9) - -2)*l. Let m = -7 + q. What is the units digit of m?
6
Suppose 5*j + i + 5 = 6*i, 5*j - 2*i + 11 = 0. What is the units digit of 11 - ((-15)/j + -3)?
9
Let l = 24 + -43. Let u = l - -38. What is the units digit of u?
9
Let l(o) = -o + 2. Let s be l(2). Suppose 8*g - 5*g - 54 = s. What is the tens digit of g?
1
Let l = -1 + -1. Let k = 10 + l. Suppose 5*j - k = 3*j. What is the units digit of j?
4
Let h = 1 + 0. Let g be (0 - (0 + h)) + 29. Suppose g + 12 = 5*s. What is the units digit of s?
8
Suppose -s + b = -5, -5*s - 3*b = -3*s + 5. Let x be s - (2 + (-3)/3). Let n(a) = 4*a - 1. What is the units digit of n(x)?
3
Suppose -4*i = -i + d - 89, 3 = i - 5*d. What is the units digit of i?
8
Let p(n) be the second derivative of -n**5/20 + 13*n**4/12 + n**3/6 + 3*n**2/2 - 2*n. What is the units digit of p(13)?
6
Let o = -1 - -3. Let c be (-8)/((-3)/(3/o)). Suppose 2 + c = 3*f. What is the units digit of f?
2
What is the tens digit of (29 - 7) + 1 + 1?
2
Let j(y) = y**3 + 4*y**2 - 4*y + 3. Let f be j(-5). Let h(u) = -u**3 + 2*u**2 + 3*u + 1. What is the tens digit of h(f)?
1
Let n(i) = i**3 - 3*i**2 - 9*i + 4. What is the units digit of n(6)?
8
Let d = -7 + 13. What is the units digit of d?
6
Let v(k) = k**3 + 6*k**2 - 7*k. Let y be v(-7). Suppose 109 = 5*m + 4*z, y*z = -z + 1. What is the units digit of (-6)/m + 74/14?
5
Let j be 2584/(-28) - 2/(-7). Let k(q) = 12*q + 2. Let x be k(-2). What is the units digit of j/x - (-2)/(-11)?
4
Let t(n) = 2*n + n - n + 2 - 1. What is the units digit of t(3)?
7
Let y(r) = 14*r + 1. Let c(m) = -m. Let l = 5 - 6. Let x(g) = l*y(g) - 3*c(g). What is the tens digit of x(-1)?
1
What is the tens digit of (1 + (-101)/4)/(11/(-88))?
9
Let y(a) = 10*a - 1. What is the units digit of y(6)?
9
Let l be 2/3*(5 - 2). What is the units digit of 5*((-19)/(-5) - l)?
9
Let z = 108 - -31. What is the tens digit of z?
3
Let m be (-3)/(-2)*64/24. What is the tens digit of 6/(-12) + 50/m?
1
Let q = 25 + -17. Suppose 4*g - 3*g - q = 0. What is the units digit of g?
8
Let c(l) = l**3 + 3*l**2 - 5*l - 5. Let g be c(-4). What is the units digit of -2 + (2 - g - -6)?
7
Let u(a) = -5*a**2 + 2 + 6*a**2 + 0*a**2 - 9. What is the units digit of u(-5)?
8
Let f(k) = -23*k - 27. What is the tens digit of f(-6)?
1
Let r = 21 - 19. What is the units digit of r?
2
Suppose 0*h - u = -h - 4, 0 = -2*h - 3*u + 12. Suppose j + h*j = 26. Let l = -15 + j. What is the tens digit of l?
1
Let a = -19 - -33. Suppose -4*q = -a + 2. Suppose -n = -q*n + 18. What is the units digit of n?
9
Let s(x) = x**3 + 4*x**2 - 5*x - 4. Let p be s(-4). Suppose -y = 3*y - p. What is the units digit of y?
4
Let b = 11 + 5. Suppose -3*y - 16 = -4*p, -4*p = -8*p + 2*y + b. Suppose 0 = 2*z - 8 - p. What is the units digit of z?
6
Let s be (-1)/(3 + (-30)/9). Let w(b) = -b**2 + 4*b - 1. Let f be w(s). Suppose 7 = -3*k - f*y, -k - 1 = -y - 7. What is the units digit of k?
1
Let s(f) = -2*f**3 + f**2 + 3*f - 2. Let y be s(2). Let i = -5 - y. Suppose -x + 34 = i*c, 2*c = -3*c - 5*x + 40. What is the units digit of c?
3
What is the units digit of 21/63*(681 - 0)?
7
Let z = 4 + -1. Suppose -z*j = 2*g - 8, 3*j - 7*j - 6 = g. What is the units digit of g?
0
Let o(n) = -4*n. Let u(h) = h**2 - 3*h - 4. Let z be u(3). Let s be o(z). Let l = s - 8. What is the units digit of l?
8
Suppose 2*m - 35 = -m - 5*x, 3*m + 4*x - 31 = 0. Let k = 15 - m. What is the units digit of k?
0
What is the tens digit of 0 + 2 - (3 + 3)*-11?
6
Let k(l) = -l**3 + 7*l**2 + 9*l - 3. Let b(y) = -4*y - 4. Suppose 0 = -c - 5*u + 17, 5 = u + 1. Let q be b(c). What is the units digit of k(q)?
5
Let f be 1/((-2)/6 - 0). Let i be f/(2 + 7/(-2)). Suppose 3*p + 5 = -l, -2*p - 8 = -i*l + 6. What is the units digit of l?
4
Suppose 6*u = 16*u - 2090. What is the tens digit of u?
0
Suppose 2*i = -2*n - 38, i = 2*n - 5*n - 55. What is the units digit of 0/(-1) + n/(-2)?
9
Suppose -570 = -6*z + 3*z. What is the units digit of z?
0
Suppose -2*n + 2 + 6 = 0. Suppose -56 = -5*j + 4. Suppose n*i - j = 8. What is the units digit of i?
5
What is the units digit of 45*(0 - (-2 + 1))?
5
Let s(b) = -11*b**2 + b**3 + 0*b**3 + 7 + 0*b**3 - 1 + b. What is the tens digit of s(11)?
1
Suppose 184 = 2*v + 2*u, 2*u = 2*v - v - 89. What is the units digit of v?
1
Suppose -4*f - 12 + 40 = 0. Let i(y) = 6 + y**2 - f*y - y**2 + 2*y**2. What is the units digit of i(4)?
0
Let w(q) = -1 - 5 + 2*q + 0. Let d be w(4). Suppose d*k = 15 - 5. What is the units digit of k?
5
Let r(g) = -g**2 + 5*g + 6. Let y be r(6). Suppose 3*s + w = 2*w + 9, y = s + w + 1. What is the units digit of s - -5 - 1*2?
5
Let y(p) = -p + 4. Let c = -8 + 13. Suppose -c*s + 5 = -2*a, -2*s = -3*a + 1 - 3. What is the units digit of y(a)?
4
Suppose 0 = -2*c + 13 - 3. Suppose c*g - 60 = -5*s, -4*g - 2*s + 54 - 10 = 0. What is the units digit of g?
0
Suppose 5*m = -10, 5*r = -2*m - 3*m + 170. What is the units digit of r?
6
Let x = 319 + -202. What is the tens digit of x?
1
Let w(c) = -c**2 - 19*c - 27. What is the units digit of w(-11)?
1
What is the tens digit of (-13*(11 - 4))/(-1)?
9
Suppose -4*f + 229 = -5*u, -66 = -f + 5*u - 2*u. Let y = f + -33. What is the units digit of y?
8
Let y(j) = j**2 - 12*j + 3. Let c be y(10). Suppose -5*h + 20 + 125 = 0. Let u = h + c. What is the units digit of u?
2
Suppose 0 = -4*k + 3*g + 19, k - 3*g = 2*g + 26. Suppose c = -2*j + k, 3*j + 0*j = -2*c + 1. What is the units digit of (j + 1)*1/2?
1
Let f(a) = a**3 - 2*a**2 - 3*a - 7. Let v(n) = n**2 - 11*n + 15. Let h be v(10). What is the units digit of f(h)?
3
Let s = 136 + -68. Suppose s = 2*a - 2*m, -a + 3*a - 53 = -m. What is the units digit of a?
9
Let x = 8 - 13. Let n(z) = -z + 6. What is the tens digit of n(x)?
1
Suppose -4 = 81*u - 82*u. What is the units digit of u?
4
Suppose -2*l = 13 + 3. Let n be (-179)/(-4) + 6/l. Suppose 0 = 3*i + i - n. What is the units digit of i?
1
Let s(o) = 3*o**2 + o. Let z be s(-1). Suppose -1 + 3 = z*h. What is the units digit of h?
1
Let n(m) = -36*m + 2. What is the tens digit of n(-1)?
3
Suppose 4*a - i + 123 = 0, -a = 2*i - 5*i + 17. What is the tens digit of 59/3 + a/(-24)?
2
Let h(p) = 8*p**2 + 4*p - 8. Suppose 10 = -2*s + 26. Let d be h(s). What is the tens digit of (-2)/11 - d/(-44)?
1
Let g = 1 - -1. Suppose g*d = d. Let r(i) = -i**2 + 15. What is the units digit of r(d)?
5
Suppose -5*n - 2*p + 10 = -31, p - 16 = -2*n. Let h = -6 + n. Suppose -h = 5*f - 13. What is the units digit of f?
2
What is the tens digit of ((-253)/(-55))/((-2)/(-10))?
2
Let z(s) = 0*s**3 - 7*s + 5*s**2 + s**3 + s. What is the tens digit of z(-5)?
3
Suppose -4*j - 24 = -212. What is the units digit of j?
7
Let r = 83 + -74. What is the units digit of r?
9
Suppose q - 208 = -15. What is the hundreds digit of q?
1
Suppose -l = -3*v + 91, -5*v + 3*l + 113 = -v. What is the te